 y(-3).
-200
Let v(b) = 51*b - 391. Determine v(0).
-391
Let r(t) = 2*t + 136. Calculate r(-20).
96
Let o(i) = -981*i - 6996. Give o(-7).
-129
Let z(p) = -112*p + 2135. What is z(21)?
-217
Let i(w) = -2*w**3 + 66*w**2 - 261*w + 2429. What is i(30)?
-1
Let c(s) = s**2 + 15*s - 197. Determine c(-27).
127
Let x(i) = -2*i**3 + 6*i - 3. Determine x(-5).
217
Let h(g) = 8*g - 378. Determine h(46).
-10
Let d(t) = t**3 + 13*t**2 - t + 83. Calculate d(-13).
96
Let z(k) = -k**3 - 20*k**2 - 21*k - 19. What is z(-19)?
19
Let i(g) = -g**2 - 17*g + 8137. Calculate i(82).
19
Let l(b) = b**3 - b**2 - b - 317. What is l(0)?
-317
Let b(s) = 3*s**2 - 639*s - 5956. What is b(-9)?
38
Let g(m) = 89*m - 992. What is g(13)?
165
Let h(f) = -2*f**2 + 558*f + 5204. What is h(-9)?
20
Let u(k) = 5*k**2 - 20*k - 273. What is u(0)?
-273
Let b(c) = -19*c + 1551. Determine b(81).
12
Let o(x) = -x**3 - 7*x**2 - 39*x - 142. What is o(-5)?
3
Let x(a) = 18*a + 264. Give x(-14).
12
Let l(q) = q**2 + 605*q + 40223. Give l(-76).
19
Let y(a) = 7*a**2 - 57*a + 204. Give y(6).
114
Let w(s) = -s**3 - 35*s**2 - 4*s - 1490. Calculate w(-36).
-50
Let t(s) = 9*s**2 + 15*s + 4. What is t(0)?
4
Let j(t) = 2*t**2 - 72*t - 523. Give j(42).
-19
Let s(p) = -30*p**2 + 2. What is s(-1)?
-28
Let x(r) = 2*r**2 - 16*r + 10. Give x(10).
50
Let a(q) = q**3 - 33*q**2 - 356*q - 930. What is a(42)?
-6
Let t(u) = u**3 - 19*u**2 + 55*u - 432. What is t(12)?
-780
Let s(t) = 2*t**2 + 60*t + 195. Determine s(-25).
-55
Let v(p) = p**3 + 31*p**2 + 110*p + 732. What is v(-28)?
4
Let o(y) = -3*y**2 - 194*y - 434. Give o(-63).
-119
Let r(w) = 26*w + 968. Give r(-37).
6
Let i(l) = 45*l + 462. Give i(-13).
-123
Let j(s) = 56*s - 94. What is j(1)?
-38
Let v(u) = -u**3 - 70*u**2 - 1151*u - 161. Give v(-26).
21
Let v(o) = -o**2 + 214*o - 11407. Give v(113).
6
Let f(u) = 3*u**2 + 9*u + 47. Give f(-8).
167
Let m(n) = 5*n**2 + 60*n + 68. Calculate m(0).
68
Let s(f) = 37*f - 743. Calculate s(20).
-3
Let y(a) = a**3 + 22*a**2 - 29*a - 626. Determine y(-22).
12
Let f(u) = -215*u + 21075. What is f(98)?
5
Let a(p) = 15*p + 362. Calculate a(-20).
62
Let k(n) = 189*n + 8903. Give k(-47).
20
Let x(b) = 4195*b - 16772. Determine x(4).
8
Let c(r) = 2*r + 92. Calculate c(-34).
24
Let z(b) = 216*b**2 - 3451*b - 25. Determine z(16).
55
Let y(w) = -3*w**2 - 151*w - 668. Calculate y(-5).
12
Let b(v) = 2*v**3 + 134*v**2 + 127*v - 359. Give b(-66).
-29
Let w(o) = -o**3 + 32*o**2 - 649*o + 19165. What is w(31)?
7
Let t(k) = 197*k - 3. Give t(-1).
-200
Let s(y) = -139*y - 1388. Determine s(-10).
2
Let r(g) = 7*g**2 - 69*g - 46. Calculate r(13).
240
Let j(z) = -23*z**2 - 6*z + 3. Give j(-1).
-14
Let j(d) = 220*d - 17348. Give j(79).
32
Let j(c) = -16*c**2 + 177*c - 489. Determine j(5).
-4
Let l(m) = m**3 + 5*m**2 - 14*m - 76. Calculate l(-6).
-28
Let l(t) = -t**3 - 24*t**2 + 57*t + 143. Determine l(-26).
13
Let b(g) = 22*g - 97. Calculate b(5).
13
Let m(t) = 2*t**2 + 26*t + 82. Give m(-7).
-2
Let a(o) = -10*o - 39. What is a(32)?
-359
Let k(h) = 226*h + 36. Determine k(-2).
-416
Let s(b) = -103*b - 2154. Give s(-21).
9
Let h(l) = l**3 + 76*l**2 + 69*l - 524. What is h(-75)?
-74
Let w(j) = j**3 - 88*j**2 - 167*j - 1158. Give w(90).
12
Let s(q) = 10*q - 18. Determine s(-7).
-88
Let k(j) = -4*j**2 - 159*j + 518. Calculate k(-43).
-41
Let d(v) = v**2 + 8*v - 108. What is d(-15)?
-3
Let r(h) = -5*h**2 - 18*h + 49. Give r(8).
-415
Let f(p) = -222*p - 6. Give f(1).
-228
Let y(n) = -6*n**2 + 1074*n + 2158. Give y(-2).
-14
Let u(y) = y**2 - 16*y - 1290. Determine u(45).
15
Let u(l) = 5*l - 106. What is u(14)?
-36
Let t(w) = -w**3 + 25*w**2 - 163*w + 63. Give t(11).
-36
Let d(y) = -43*y - 1537. Give d(-34).
-75
Let a(i) = -i**3 + 7*i**2 - 19*i + 24. What is a(6)?
-54
Let i(s) = -14*s**3 + 7*s + 13. Give i(-2).
111
Let k(q) = -q**3 + 22*q**2 - 39*q + 6. Determine k(20).
26
Let u(n) = -n**3 + 58*n**2 - 43*n - 742. Give u(57).
56
Let v(l) = -l**2 - 216*l - 8874. Determine v(-55).
-19
Let b(m) = -m**3 + 176*m**2 - 682*m - 1024. What is b(172)?
8
Let c(q) = 95*q - 679. Determine c(7).
-14
Let m(t) = -12*t**3 + 301*t**2 - 27*t + 52. Determine m(25).
2
Let h(b) = 17*b + 58. Give h(-7).
-61
Let d(u) = -55*u - 990. Give d(-18).
0
Let a(b) = 189*b - 199. Calculate a(1).
-10
Let k(h) = -1282*h + 5160. Calculate k(4).
32
Let p(c) = c**3 - 9*c**2 - 98*c + 390. Calculate p(14).
-2
Let i(o) = 3*o**3 - 13*o**2 + 26*o - 166. Determine i(5).
14
Let c(w) = 10*w**2 + 74*w + 419. Determine c(-6).
335
Let c(h) = -h**3 + 9*h**2 + 69*h - 523. Give c(11).
-6
Let b(o) = 2*o**3 - 34*o**2 + 48*o - 242. Determine b(16).
14
Let k(h) = h**3 + h**2 + 29*h + 165. Determine k(-4).
1
Let c(g) = -g**2 + 34*g - 213. Calculate c(10).
27
Let n(h) = 57*h - 3305. Determine n(58).
1
Let y(p) = -p**3 - 13*p**2 + 27*p - 31. Calculate y(-15).
14
Let r(o) = 1762*o + 15765. Determine r(-9).
-93
Let b(f) = -621*f - 5591. What is b(-9)?
-2
Let g(c) = -6*c**3 - 21*c**2 + 30*c. What is g(-4)?
-72
Let d(u) = 3014*u + 30167. Give d(-10).
27
Let x(y) = -y**3 - 10*y**2 - 25*y - 25. Determine x(-5).
-25
Let f(s) = -s**3 + 6*s**2 + 93*s - 1011. What is f(9)?
-417
Let l(b) = 8530*b + 25586. Calculate l(-3).
-4
Let q(k) = -7*k**3 + 36*k**2 - 7. Give q(3).
128
Let u(k) = 323*k + 62665. Determine u(-194).
3
Let o(h) = -3*h**2 - 48*h + 4. Calculate o(-16).
4
Let i(r) = 466*r**3 - 3*r + 3. Calculate i(1).
466
Let h(y) = 5*y**2 - 274*y + 351. Calculate h(54).
135
Let x(w) = -7*w**2 + 27*w + 43. What is x(5)?
3
Let g(w) = w**2 - 40*w - 37. Calculate g(41).
4
Let o(r) = 94*r - 154. What is o(5)?
316
Let u(t) = 28*t**2 + 391*t - 8. Calculate u(-14).
6
Let b(w) = w**3 - 11*w**2 - 52*w + 525. What is b(11)?
-47
Let l(t) = -15*t**2 - 52*t + 1. Give l(-2).
45
Let p(t) = -t**3 - 56*t**2 + 4*t - 359. What is p(-56)?
-583
Let y(x) = 53*x**3 - x**2 - 18*x - 16. What is y(-1)?
-52
Let o(m) = -6*m**2 + 157*m - 128. What is o(27)?
-263
Let b(u) = -u**2 + 27*u - 101. Calculate b(14).
81
Let d(i) = -i**2 - 58*i - 380. Determine d(-52).
-68
Let l(i) = i**3 + 22*i**2 + 38*i + 126. What is l(-21)?
-231
Let q(r) = 94*r**3 - r**2 - 4*r + 5. Calculate q(1).
94
Let g(b) = -192*b**3 - 10*b**2 + 14*b - 3. Calculate g(1).
-191
Let r(o) = -o**3 + 11*o**2 + 21*o + 284. Give r(14).
-10
Let d(o) = -2*o**2 - 93*o + 274. Calculate d(-50).
-76
Let u(c) = 193*c + 8501. Determine u(-44).
9
Let h(r) = -4*r**3 - 20*r**2 + 2*r - 12. What is h(-5)?
-22
Let p(s) = 2*s**3 + 39*s**2 + 114*s + 1. What is p(-16)?
-31
Let q(v) = -1025*v + 4103. What is q(4)?
3
Let y(i) = i**3 - 18*i**2 + 31*i - 222. What is y(17)?
16
Let q(i) = -186*i + 249. Calculate q(2).
-123
Let o(k) = -k**3 - 96*k**2 + 2056*k + 475. What is o(-114)?
19
Let l(g) = -g**3 + 43*g**2 + 17*g + 1183. What is l(44)?
-5
Let h(k) = -6*k + 301. Give h(50).
1
Let l(y) = y**3 + 5*y**2 - 76*y - 442. Determine l(-7).
-8
Let v(f) = f**3 - 23*f**2 + 43*f - 33. What is v(21)?
-12
Let b(s) = s**3 + 6*s**2 + 60*s - 66. Calculate b(1).
1
Let b(m) = 3*m**3 - 2*m + 5. Determine b(5).
370
Let a(h) = 1018*h - 7127. What is a(7)?
-1
Let h(b) = b**3 + b + 111. What is h(0)?
111
Let f(d) = 13*d**2 - 307*d + 1140. Calculate f(19).
0
Let m(z) = -z**2 + 12*z - 141. What is m(18)?
-249
Let h(i) = -i**3 - 8*i**2 - 6*i - 8. Give h(-4).
-48
Let u(o) = 7*o**2 + 226*o + 499. What is u(-30)?
19
Let s(b) = -11*b**2 + 68*b - 99. Determine s(2).
-7
Let s(o) = -o**2 - 78*o - 136. Calculate s(-76).
16
Let j(f) = -7*f**2 + 229*f - 749. Give j(29).
5
Let o(g) = -15*g**2 + 372*g + 71. Give o(25).
-4
Let k(y) = 9*y - 855. What is k(20)?
-675
Let z(o) = -17*o - 1641. What is z(-96)?
-9
Let s(m) = m**2 + 116*m - 144. Give s(-116).
-144
Let n(h) = -74*h - 394. Calculate n(-3).
-172
Let f(n) = 139*n + 34890. Give f(-251).
1
Let k(q) = q**2 + 1754*q + 78563. Calculate k(-46).
-5
Let i(d) = -2*d**3 + 42*d**2 + 39*d + 125. Give i(22).
15
Let y(j) = 94*j**2 - 842*j + 11. Calculate y(9).
47
Let z(n) = -n**3 + 3*n**2 - 351*n + 6. Give z(0).
6
Let n(q) = -983*q + 32428. Give n(33).
-11
Let y(k) = -309*k + 2799. Determine y(9).
18
Let c(t) = -3*t**2 - 76*t - 417. Give c(-15).
48
Let q(a) = a**3 + 11*a**2 - 28*a - 1. What is q(-13)?
25
Let c(f) = -f**3 + 44*f**2 - 195*f - 65. Calculate c(39).
-65
Let p(n) = 51*n + 381. Determine p(-15).
-384
